{"id":91,"date":"2024-11-22T08:46:03","date_gmt":"2024-11-22T08:46:03","guid":{"rendered":"https:\/\/gzcerknica.si\/?page_id=91"},"modified":"2024-12-07T10:15:47","modified_gmt":"2024-12-07T10:15:47","slug":"pgd-sveti-vid","status":"publish","type":"page","link":"https:\/\/gzcerknica.si\/?page_id=91","title":{"rendered":"PGD Sveti Vid"},"content":{"rendered":"\n<div class=\"wp-block-group is-vertical is-layout-flex wp-container-core-group-is-layout-8cf370e7 wp-block-group-is-layout-flex\">\n<p><strong>PGD Sveti Vid<\/strong><\/p>\n\n\n\n<p>Gasilsko dru\u0161tvo l. kategorije, ustanovljeno leta 1979. Dru\u0161tvo pokriva naselja: Sveti Vid, \u010cohovo, Jer\u0161i\u010de, Koro\u0161\u010de, Ko\u0161\u010daki, Le\u0161njaki, Osredek,&nbsp;Ravne, Rudolfovo, Tav\u017elje, Zahrib, Zala.<\/p>\n<\/div>\n\n\n<div class=\"wp-block-image\">\n<figure class=\"aligncenter size-large is-resized\"><img loading=\"lazy\" decoding=\"async\" width=\"768\" height=\"1024\" src=\"https:\/\/gzcerknica.si\/wp-content\/uploads\/2024\/11\/dom-1-768x1024.jpg\" alt=\"\" class=\"wp-image-322\" style=\"width:467px;height:auto\" srcset=\"https:\/\/gzcerknica.si\/wp-content\/uploads\/2024\/11\/dom-1-768x1024.jpg 768w, https:\/\/gzcerknica.si\/wp-content\/uploads\/2024\/11\/dom-1-225x300.jpg 225w, https:\/\/gzcerknica.si\/wp-content\/uploads\/2024\/11\/dom-1-1152x1536.jpg 1152w, https:\/\/gzcerknica.si\/wp-content\/uploads\/2024\/11\/dom-1-1536x2048.jpg 1536w, https:\/\/gzcerknica.si\/wp-content\/uploads\/2024\/11\/dom-1-scaled.jpg 1920w\" sizes=\"auto, (max-width: 768px) 100vw, 768px\" \/><figcaption class=\"wp-element-caption\"><em>gasilski dom Sveti Vid<\/em><\/figcaption><\/figure>\n<\/div>\n\n\n<div class=\"wp-block-group is-vertical is-layout-flex wp-container-core-group-is-layout-8cf370e7 wp-block-group-is-layout-flex\">\n<div class=\"wp-block-group is-vertical is-layout-flex wp-container-core-group-is-layout-8cf370e7 wp-block-group-is-layout-flex\">\n<div class=\"wp-block-group is-vertical is-layout-flex wp-container-core-group-is-layout-8cf370e7 wp-block-group-is-layout-flex\">\n<p><strong>Prostovoljno gasilsko dru\u0161tvo Sveti Vid<\/strong><\/p>\n\n\n\n<p>Sveti Vid 5<\/p>\n\n\n\n<p>1380 Cerknica<\/p>\n<\/div>\n<\/div>\n<\/div>\n\n\n\n<div class=\"wp-block-group is-vertical is-layout-flex wp-container-core-group-is-layout-8cf370e7 wp-block-group-is-layout-flex\"><\/div>\n\n\n\n<p><\/p>\n\n\n\n<div class=\"wp-block-group is-vertical is-layout-flex wp-container-core-group-is-layout-8cf370e7 wp-block-group-is-layout-flex\">\n<p>spletna stran: <a href=\"https:\/\/www.facebook.com\/groups\/162805860919488\/?locale=sl_SI\" data-type=\"link\" data-id=\"https:\/\/www.facebook.com\/groups\/162805860919488\/?locale=sl_SI\">facebook<\/a><\/p>\n\n\n\n<p>e-po\u0161ta:&nbsp;<a href=\"mailto:gasilci.svetivid@gmail.com\" target=\"_blank\" rel=\"noreferrer noopener\">gasilci.svetivid@gmail.com<\/a><\/p>\n<\/div>\n\n\n\n<p><\/p>\n\n\n\n<div class=\"wp-block-group is-vertical is-layout-flex wp-container-core-group-is-layout-8cf370e7 wp-block-group-is-layout-flex\">\n<p><\/p>\n\n\n\n<p>Predsednik:<strong>&nbsp; Bla\u017e Tur\u0161i\u010d<\/strong><\/p>\n\n\n\n<p>Poveljnik:<strong>&nbsp; Marko Nared<\/strong><\/p>\n<\/div>\n\n\n<div class=\"wp-block-image\">\n<figure class=\"aligncenter size-large is-resized\"><img loading=\"lazy\" decoding=\"async\" width=\"768\" height=\"1024\" src=\"https:\/\/gzcerknica.si\/wp-content\/uploads\/2024\/11\/avto-768x1024.jpg\" alt=\"\" class=\"wp-image-323\" style=\"width:300px;height:auto\" srcset=\"https:\/\/gzcerknica.si\/wp-content\/uploads\/2024\/11\/avto-768x1024.jpg 768w, https:\/\/gzcerknica.si\/wp-content\/uploads\/2024\/11\/avto-225x300.jpg 225w, https:\/\/gzcerknica.si\/wp-content\/uploads\/2024\/11\/avto-1152x1536.jpg 1152w, https:\/\/gzcerknica.si\/wp-content\/uploads\/2024\/11\/avto-1536x2048.jpg 1536w, https:\/\/gzcerknica.si\/wp-content\/uploads\/2024\/11\/avto-scaled.jpg 1920w\" sizes=\"auto, (max-width: 768px) 100vw, 768px\" \/><\/figure>\n<\/div>","protected":false},"excerpt":{"rendered":"<p>PGD Sveti Vid Gasilsko dru\u0161tvo l. kategorije, ustanovljeno leta 1979. Dru\u0161tvo pokriva naselja: Sveti Vid, \u010cohovo, Jer\u0161i\u010de, Koro\u0161\u010de, Ko\u0161\u010daki, Le\u0161njaki, Osredek,&nbsp;Ravne, Rudolfovo, Tav\u017elje, Zahrib, Zala. Prostovoljno gasilsko dru\u0161tvo Sveti Vid Sveti Vid 5 1380 Cerknica spletna stran: facebook e-po\u0161ta:&nbsp;gasilci.svetivid@gmail.com Predsednik:&nbsp; Bla\u017e Tur\u0161i\u010d Poveljnik:&nbsp; Marko Nared<\/p>\n","protected":false},"author":3,"featured_media":0,"parent":52,"menu_order":0,"comment_status":"closed","ping_status":"closed","template":"","meta":{"footnotes":""},"class_list":["post-91","page","type-page","status-publish","hentry"],"_links":{"self":[{"href":"https:\/\/gzcerknica.si\/index.php?rest_route=\/wp\/v2\/pages\/91","targetHints":{"allow":["GET"]}}],"collection":[{"href":"https:\/\/gzcerknica.si\/index.php?rest_route=\/wp\/v2\/pages"}],"about":[{"href":"https:\/\/gzcerknica.si\/index.php?rest_route=\/wp\/v2\/types\/page"}],"author":[{"embeddable":true,"href":"https:\/\/gzcerknica.si\/index.php?rest_route=\/wp\/v2\/users\/3"}],"replies":[{"embeddable":true,"href":"https:\/\/gzcerknica.si\/index.php?rest_route=%2Fwp%2Fv2%2Fcomments&post=91"}],"version-history":[{"count":3,"href":"https:\/\/gzcerknica.si\/index.php?rest_route=\/wp\/v2\/pages\/91\/revisions"}],"predecessor-version":[{"id":465,"href":"https:\/\/gzcerknica.si\/index.php?rest_route=\/wp\/v2\/pages\/91\/revisions\/465"}],"up":[{"embeddable":true,"href":"https:\/\/gzcerknica.si\/index.php?rest_route=\/wp\/v2\/pages\/52"}],"wp:attachment":[{"href":"https:\/\/gzcerknica.si\/index.php?rest_route=%2Fwp%2Fv2%2Fmedia&parent=91"}],"curies":[{"name":"wp","href":"https:\/\/api.w.org\/{rel}","templated":true}]}}