{"id":67,"date":"2024-11-22T08:41:00","date_gmt":"2024-11-22T08:41:00","guid":{"rendered":"https:\/\/gzcerknica.si\/?page_id=67"},"modified":"2024-11-25T19:52:13","modified_gmt":"2024-11-25T19:52:13","slug":"pgd-bezuljak","status":"publish","type":"page","link":"https:\/\/gzcerknica.si\/?page_id=67","title":{"rendered":"PGD Bezuljak"},"content":{"rendered":"\n<div class=\"wp-block-group is-vertical is-layout-flex wp-container-core-group-is-layout-8cf370e7 wp-block-group-is-layout-flex\">\n<p><strong>PGD Bezuljak<\/strong><\/p>\n\n\n\n<p>Dru\u0161tvo I. kategorije, ustanovljeno leta 1933.\u00a0 Dru\u0161tvo v sektorju Begunje, ki pokriva naslednja naselja: Bezuljak, Dobec, Ko\u017eljek<\/p>\n<\/div>\n\n\n<div class=\"wp-block-image\">\n<figure class=\"aligncenter size-full\"><a href=\"https:\/\/gzcerknica.si\/wp-content\/uploads\/2024\/11\/image-1.jpeg\"><img loading=\"lazy\" decoding=\"async\" width=\"1024\" height=\"741\" src=\"https:\/\/gzcerknica.si\/wp-content\/uploads\/2024\/11\/image-1.jpeg\" alt=\"Ta slika ima prazen atribut alt; ime datoteke je IMG_3304-1024x741.jpg\" class=\"wp-image-248\" style=\"aspect-ratio:16\/9;object-fit:cover\" srcset=\"https:\/\/gzcerknica.si\/wp-content\/uploads\/2024\/11\/image-1.jpeg 1024w, https:\/\/gzcerknica.si\/wp-content\/uploads\/2024\/11\/image-1-300x217.jpeg 300w, https:\/\/gzcerknica.si\/wp-content\/uploads\/2024\/11\/image-1-768x556.jpeg 768w\" sizes=\"auto, (max-width: 1024px) 100vw, 1024px\" \/><\/a><figcaption class=\"wp-element-caption\"><em>gasilski dom Bezuljak<\/em><\/figcaption><\/figure>\n<\/div>\n\n\n<p><strong>Prostovoljno gasilsko dru\u0161tvo BEZULJAK<\/strong><br>Bezuljak 21a<br>1382 Begunje pri Cerknici<\/p>\n\n\n\n<p>spletna stran:&nbsp;<a href=\"https:\/\/www.facebook.com\/pgdbezuljak\">https:\/\/www.facebook.com\/pgdbezuljak<\/a><br>e-po\u0161ta: <a href=\"mailto:pgdbezuljak@gmail.com\">pgdbezuljak@gmail.com<\/a> &nbsp;<br><br>predsednik:&nbsp;<strong>Vinko Hren<\/strong><br>poveljnik:&nbsp;<strong>Tilen Nared<\/strong><\/p>\n\n\n\n<div class=\"wp-block-columns is-layout-flex wp-container-core-columns-is-layout-9d6595d7 wp-block-columns-is-layout-flex\">\n<div class=\"wp-block-column is-layout-flow wp-block-column-is-layout-flow\" style=\"flex-basis:33.34%\">\n<figure class=\"wp-block-gallery has-nested-images columns-default is-cropped wp-block-gallery-1 is-layout-flex wp-block-gallery-is-layout-flex\">\n<figure class=\"wp-block-image size-large is-style-default\"><a href=\"https:\/\/gzcerknica.si\/wp-content\/uploads\/2024\/11\/IMG_1358-scaled.jpg\"><img loading=\"lazy\" decoding=\"async\" width=\"1024\" height=\"630\" data-id=\"246\" src=\"https:\/\/gzcerknica.si\/wp-content\/uploads\/2024\/11\/IMG_1358-1024x630.jpg\" alt=\"\" class=\"wp-image-246\" srcset=\"https:\/\/gzcerknica.si\/wp-content\/uploads\/2024\/11\/IMG_1358-1024x630.jpg 1024w, https:\/\/gzcerknica.si\/wp-content\/uploads\/2024\/11\/IMG_1358-300x185.jpg 300w, https:\/\/gzcerknica.si\/wp-content\/uploads\/2024\/11\/IMG_1358-768x473.jpg 768w, https:\/\/gzcerknica.si\/wp-content\/uploads\/2024\/11\/IMG_1358-1536x945.jpg 1536w, https:\/\/gzcerknica.si\/wp-content\/uploads\/2024\/11\/IMG_1358-2048x1260.jpg 2048w\" sizes=\"auto, (max-width: 1024px) 100vw, 1024px\" \/><\/a><figcaption class=\"wp-element-caption\">GVV-1<\/figcaption><\/figure>\n<\/figure>\n<\/div>\n\n\n\n<div class=\"wp-block-column is-layout-flow wp-block-column-is-layout-flow\" style=\"flex-basis:33.34%\"><\/div>\n\n\n\n<div class=\"wp-block-column is-layout-flow wp-block-column-is-layout-flow\" style=\"flex-basis:33.33%\"><\/div>\n<\/div>\n","protected":false},"excerpt":{"rendered":"<p>PGD Bezuljak Dru\u0161tvo I. kategorije, ustanovljeno leta 1933.\u00a0 Dru\u0161tvo v sektorju Begunje, ki pokriva naslednja naselja: Bezuljak, Dobec, Ko\u017eljek Prostovoljno gasilsko dru\u0161tvo BEZULJAKBezuljak 21a1382 Begunje pri Cerknici spletna stran:&nbsp;https:\/\/www.facebook.com\/pgdbezuljake-po\u0161ta: pgdbezuljak@gmail.com &nbsp; predsednik:&nbsp;Vinko Hrenpoveljnik:&nbsp;Tilen Nared<\/p>\n","protected":false},"author":3,"featured_media":0,"parent":52,"menu_order":0,"comment_status":"closed","ping_status":"closed","template":"","meta":{"footnotes":""},"class_list":["post-67","page","type-page","status-publish","hentry"],"_links":{"self":[{"href":"https:\/\/gzcerknica.si\/index.php?rest_route=\/wp\/v2\/pages\/67","targetHints":{"allow":["GET"]}}],"collection":[{"href":"https:\/\/gzcerknica.si\/index.php?rest_route=\/wp\/v2\/pages"}],"about":[{"href":"https:\/\/gzcerknica.si\/index.php?rest_route=\/wp\/v2\/types\/page"}],"author":[{"embeddable":true,"href":"https:\/\/gzcerknica.si\/index.php?rest_route=\/wp\/v2\/users\/3"}],"replies":[{"embeddable":true,"href":"https:\/\/gzcerknica.si\/index.php?rest_route=%2Fwp%2Fv2%2Fcomments&post=67"}],"version-history":[{"count":13,"href":"https:\/\/gzcerknica.si\/index.php?rest_route=\/wp\/v2\/pages\/67\/revisions"}],"predecessor-version":[{"id":296,"href":"https:\/\/gzcerknica.si\/index.php?rest_route=\/wp\/v2\/pages\/67\/revisions\/296"}],"up":[{"embeddable":true,"href":"https:\/\/gzcerknica.si\/index.php?rest_route=\/wp\/v2\/pages\/52"}],"wp:attachment":[{"href":"https:\/\/gzcerknica.si\/index.php?rest_route=%2Fwp%2Fv2%2Fmedia&parent=67"}],"curies":[{"name":"wp","href":"https:\/\/api.w.org\/{rel}","templated":true}]}}