{"id":48,"date":"2024-11-22T08:24:03","date_gmt":"2024-11-22T08:24:03","guid":{"rendered":"https:\/\/gzcerknica.si\/?page_id=48"},"modified":"2024-11-27T19:42:00","modified_gmt":"2024-11-27T19:42:00","slug":"komisija-za-clanice","status":"publish","type":"page","link":"https:\/\/gzcerknica.si\/?page_id=48","title":{"rendered":"Komisija za \u010dlanice"},"content":{"rendered":"\n<p><\/p>\n\n\n\n<p>Komisija za \u010dlanice si prizadeva za sodelovanje in povezovanja vseh \u010dlanic posameznih<br>dru\u0161tev v Gasilski zvezi Cerknica. Predsednice komisij vzpodbujamo \u010dlanice k \u010dimbolj<br>aktivnemu delovanju na podro\u010dju izobra\u017eevanja, tekmovanja, dela z mladino, preventive in<br>organizacije.<br><\/p>\n\n\n\n<div class=\"wp-block-group is-vertical is-layout-flex wp-container-core-group-is-layout-8cf370e7 wp-block-group-is-layout-flex\">\n<p>Program dela:<\/p>\n\n\n\n<div class=\"wp-block-group is-vertical is-layout-flex wp-container-core-group-is-layout-8cf370e7 wp-block-group-is-layout-flex\">\n<ul class=\"wp-block-list\">\n<li>organizacija posveta Notranjske regije, strokovne ekskurzije za \u010dlanice, pohoda \u2026<\/li>\n<\/ul>\n\n\n\n<ul class=\"wp-block-list\">\n<li>udele\u017eba na posvetu za predsednice komisij gasilskih zvez (GZS),<\/li>\n<\/ul>\n\n\n\n<ul class=\"wp-block-list\">\n<li>usposabljanju za delo s \u010dlanicami v gasilskih regijah in gasilskih zvezah (GZS),<\/li>\n<\/ul>\n\n\n\n<ul class=\"wp-block-list\">\n<li>udele\u017eba na posvetu za \u010dlanice prostovoljnih gasilskih dru\u0161tev in gasilskih zvez<br>Notranjske regije,<\/li>\n<\/ul>\n\n\n\n<ul class=\"wp-block-list\">\n<li>seje predsednic komisij za delo s \u010dlanicami Notranjske regije in Gasilske zveze<br>Cerknica,<\/li>\n<\/ul>\n\n\n\n<ul class=\"wp-block-list\">\n<li>sodelovanje na sejah upravnega odbora GZ Cerknica. <\/li>\n<\/ul>\n<\/div>\n<\/div>\n\n\n\n<figure class=\"wp-block-table\"><table class=\"has-fixed-layout\"><tbody><tr><td><strong>\u010clani<\/strong><\/td><td><strong>email naslov<\/strong><\/td><td><strong>&nbsp;funkcija<\/strong><\/td><td><strong>dru\u0161tvo<\/strong><\/td><\/tr><tr><td>Mojca Kova\u010di\u010d<\/td><td><a href=\"k.mojcaa@gmail.com\">\u00a0k.mojcaa@gmail.com<\/a> <\/td><td>predsednica<\/td><td>PGD Grahovo<\/td><\/tr><tr><td>Vesna Penca<\/td><td><a href=\"mailto:vesna.penca@gmail.com\">vesna.penca@gmail.com<\/a><\/td><td>namestnica<\/td><td>PGD Begunje<\/td><\/tr><tr><td>Barbara Lah<\/td><td><a href=\"mailto:barbara.lah45@gmail.com\">barbara.lah45@gmail.com<\/a><\/td><td>namestnica<\/td><td>PGD Cajnarje<\/td><\/tr><\/tbody><\/table><\/figure>\n\n\n<div class=\"wp-block-image\">\n<figure class=\"aligncenter size-large is-resized\"><a href=\"https:\/\/gzcerknica.si\/wp-content\/uploads\/2024\/11\/20240413_155508-\u2013-kopija-scaled.jpg\"><img loading=\"lazy\" decoding=\"async\" width=\"1024\" height=\"768\" src=\"https:\/\/gzcerknica.si\/wp-content\/uploads\/2024\/11\/20240413_155508-\u2013-kopija-1024x768.jpg\" alt=\"\" class=\"wp-image-342\" style=\"width:652px;height:auto\" srcset=\"https:\/\/gzcerknica.si\/wp-content\/uploads\/2024\/11\/20240413_155508-\u2013-kopija-1024x768.jpg 1024w, https:\/\/gzcerknica.si\/wp-content\/uploads\/2024\/11\/20240413_155508-\u2013-kopija-300x225.jpg 300w, https:\/\/gzcerknica.si\/wp-content\/uploads\/2024\/11\/20240413_155508-\u2013-kopija-768x576.jpg 768w, https:\/\/gzcerknica.si\/wp-content\/uploads\/2024\/11\/20240413_155508-\u2013-kopija-1536x1152.jpg 1536w, https:\/\/gzcerknica.si\/wp-content\/uploads\/2024\/11\/20240413_155508-\u2013-kopija-2048x1536.jpg 2048w\" sizes=\"auto, (max-width: 1024px) 100vw, 1024px\" \/><\/a><\/figure>\n<\/div>\n\n\n<p><\/p>\n","protected":false},"excerpt":{"rendered":"<p>Komisija za \u010dlanice si prizadeva za sodelovanje in povezovanja vseh \u010dlanic posameznihdru\u0161tev v Gasilski zvezi Cerknica. Predsednice komisij vzpodbujamo \u010dlanice k \u010dimboljaktivnemu delovanju na podro\u010dju izobra\u017eevanja, tekmovanja, dela z mladino, preventive inorganizacije. Program dela: \u010clani email naslov &nbsp;funkcija dru\u0161tvo Mojca Kova\u010di\u010d \u00a0k.mojcaa@gmail.com predsednica PGD Grahovo Vesna Penca vesna.penca@gmail.com namestnica PGD Begunje Barbara Lah barbara.lah45@gmail.com namestnica [&hellip;]<\/p>\n","protected":false},"author":3,"featured_media":0,"parent":12,"menu_order":0,"comment_status":"closed","ping_status":"closed","template":"","meta":{"footnotes":""},"class_list":["post-48","page","type-page","status-publish","hentry"],"_links":{"self":[{"href":"https:\/\/gzcerknica.si\/index.php?rest_route=\/wp\/v2\/pages\/48","targetHints":{"allow":["GET"]}}],"collection":[{"href":"https:\/\/gzcerknica.si\/index.php?rest_route=\/wp\/v2\/pages"}],"about":[{"href":"https:\/\/gzcerknica.si\/index.php?rest_route=\/wp\/v2\/types\/page"}],"author":[{"embeddable":true,"href":"https:\/\/gzcerknica.si\/index.php?rest_route=\/wp\/v2\/users\/3"}],"replies":[{"embeddable":true,"href":"https:\/\/gzcerknica.si\/index.php?rest_route=%2Fwp%2Fv2%2Fcomments&post=48"}],"version-history":[{"count":3,"href":"https:\/\/gzcerknica.si\/index.php?rest_route=\/wp\/v2\/pages\/48\/revisions"}],"predecessor-version":[{"id":343,"href":"https:\/\/gzcerknica.si\/index.php?rest_route=\/wp\/v2\/pages\/48\/revisions\/343"}],"up":[{"embeddable":true,"href":"https:\/\/gzcerknica.si\/index.php?rest_route=\/wp\/v2\/pages\/12"}],"wp:attachment":[{"href":"https:\/\/gzcerknica.si\/index.php?rest_route=%2Fwp%2Fv2%2Fmedia&parent=48"}],"curies":[{"name":"wp","href":"https:\/\/api.w.org\/{rel}","templated":true}]}}